{"id":16,"date":"2026-05-07T11:26:32","date_gmt":"2026-05-07T11:26:32","guid":{"rendered":"https:\/\/qs88best.com\/?page_id=16"},"modified":"2026-05-11T01:35:43","modified_gmt":"2026-05-11T01:35:43","slug":"casino","status":"publish","type":"page","link":"https:\/\/qs88best.com\/index.php\/casino\/","title":{"rendered":"Casino"},"content":{"rendered":"<h1 style=\"text-align: center;\"><b>Live Casino &#8211; Kh\u00e1m Ph\u00e1 S\u1ea3nh Ch\u01a1i Cao C\u1ea5p H\u00e0ng \u0110\u1ea7u T\u1ea1i QS88<\/b><\/h1>\n<p><a href=\"https:\/\/qs88best.com\/casino\/\"><b>Live Casino<\/b><\/a><span style=\"font-weight: 400;\"> hi\u1ec7n \u0111ang l\u00e0 \u0111i\u1ec3m d\u1eebng ch\u00e2n gi\u1ea3i tr\u00ed quen thu\u1ed9c c\u1ee7a \u0111\u00f4ng \u0111\u1ea3o h\u1ed9i vi\u00ean khi tham gia c\u00e1 c\u01b0\u1ee3c t\u1ea1i chuy\u00ean m\u1ee5c game. T\u1ea1i \u0111\u00e2y ng\u01b0\u1eddi ch\u01a1i s\u1ebd c\u00f3 c\u01a1 h\u1ed9i kh\u00e1m ph\u00e1 nhi\u1ec1u s\u1ea3n ph\u1ea9m gi\u1ea3i tr\u00ed ch\u1ea5t l\u01b0\u1ee3ng c\u00f9ng h\u1ec7 th\u1ed1ng c\u01b0\u1ee3c \u0111a d\u1ea1ng v\u00e0 c\u01a1 h\u1ed9i nh\u1eadn th\u01b0\u1edfng h\u1ea5p d\u1eabn m\u1ed7i ng\u00e0y. N\u1ebfu mu\u1ed1n hi\u1ec3u r\u00f5 h\u01a1n v\u1ec1 kho game t\u1ea1i <\/span><a href=\"https:\/\/qs88best.com\/\"><b>link QS88<\/b><\/a><span style=\"font-weight: 400;\"> th\u00e0nh vi\u00ean h\u00e3y theo d\u00f5i b\u00e0i vi\u1ebft d\u01b0\u1edbi \u0111\u00e2y \u0111\u1ec3 n\u1eafm b\u1eaft th\u00eam th\u00f4ng tin quan tr\u1ecdng cho m\u00ecnh.<\/span><\/p>\n<h2><b>Live Casino l\u00e0 g\u00ec?<\/b><\/h2>\n<p><b>Live Casino<\/b><span style=\"font-weight: 400;\"> l\u00e0 chuy\u00ean m\u1ee5c h\u1ed9i t\u1ee5 nhi\u1ec1u tr\u00f2 ch\u01a1i gi\u1ea3i tr\u00ed tr\u1ef1c tuy\u1ebfn ch\u1ea5t l\u01b0\u1ee3ng v\u00e0 \u0111ang \u0111\u01b0\u1ee3c \u0111\u00f4ng \u0111\u1ea3o ng\u01b0\u1eddi ch\u01a1i l\u1ef1a ch\u1ecdn hi\u1ec7n nay t\u1ea1i QS88. Khi tham gia tr\u1ea3i nghi\u1ec7m, h\u1ed9i vi\u00ean s\u1ebd c\u00f3 c\u01a1 h\u1ed9i th\u1eed s\u1ee9c v\u1edbi nhi\u1ec1u s\u1ea3n ph\u1ea9m n\u1ed5i b\u1eadt nh\u01b0 r\u1ed3ng h\u1ed5, baccarat, t\u00e0i x\u1ec9u, roulette, poker ho\u1eb7c x\u00f3c \u0111\u0129a c\u00f9ng nhi\u1ec1u tr\u00f2 ch\u01a1i h\u1ea5p d\u1eabn kh\u00e1c.<\/span><\/p>\n<p><span style=\"font-weight: 400;\">M\u1ed7i t\u1ef1a game \u0111\u1ec1u \u0111\u01b0\u1ee3c thi\u1ebft k\u1ebf v\u1edbi giao di\u1ec7n hi\u1ec7n \u0111\u1ea1i, h\u00ecnh \u1ea3nh s\u1eafc n\u00e9t v\u00e0 hi\u1ec7u \u1ee9ng \u00e2m thanh s\u1ed1ng \u0111\u1ed9ng nh\u1eb1m mang \u0111\u1ebfn c\u1ea3m gi\u00e1c ch\u00e2n th\u1ef1c h\u01a1n cho ng\u01b0\u1eddi tham gia. Ngo\u00e0i ra h\u1ec7 th\u1ed1ng c\u00f2n t\u00edch h\u1ee3p nhi\u1ec1u c\u1eeda c\u01b0\u1ee3c kh\u00e1c nhau gi\u00fap h\u1ed9i vi\u00ean d\u1ec5 d\u00e0ng l\u1ef1a ch\u1ecdn h\u00ecnh th\u1ee9c gi\u1ea3i tr\u00ed ph\u00f9 h\u1ee3p v\u1edbi nhu c\u1ea7u c\u00e1 nh\u00e2n.<\/span><\/p>\n<figure id=\"attachment_97\" aria-describedby=\"caption-attachment-97\" style=\"width: 800px\" class=\"wp-caption aligncenter\"><img loading=\"lazy\" decoding=\"async\" class=\"size-full wp-image-97\" src=\"https:\/\/qs88best.com\/wp-content\/uploads\/2026\/05\/live-casino-doi-net-co-ban-cho-nguoi-moi.webp\" alt=\"Live Casino - \u0110\u00f4i n\u00e9t c\u01a1 b\u1ea3n cho ng\u01b0\u1eddi m\u1edbi\" width=\"800\" height=\"400\" srcset=\"https:\/\/qs88best.com\/wp-content\/uploads\/2026\/05\/live-casino-doi-net-co-ban-cho-nguoi-moi.webp 800w, https:\/\/qs88best.com\/wp-content\/uploads\/2026\/05\/live-casino-doi-net-co-ban-cho-nguoi-moi-300x150.webp 300w, https:\/\/qs88best.com\/wp-content\/uploads\/2026\/05\/live-casino-doi-net-co-ban-cho-nguoi-moi-768x384.webp 768w\" sizes=\"auto, (max-width: 800px) 100vw, 800px\" \/><figcaption id=\"caption-attachment-97\" class=\"wp-caption-text\">Live Casino &#8211; \u0110\u00f4i n\u00e9t c\u01a1 b\u1ea3n cho ng\u01b0\u1eddi m\u1edbi<\/figcaption><\/figure>\n<h2><b>Danh s\u00e1ch game \u1ea5n t\u01b0\u1ee3ng t\u1ea1i Live Casino n\u00ean tham gia<\/b><\/h2>\n<p><span style=\"font-weight: 400;\">D\u01b0\u1edbi \u0111\u00e2y l\u00e0 nh\u1eefng tr\u00f2 ch\u01a1i gi\u1ea3i tr\u00ed n\u1ed5i b\u1eadt \u0111ang nh\u1eadn \u0111\u01b0\u1ee3c s\u1ef1 quan t\u00e2m l\u1edbn t\u1eeb c\u1ed9ng \u0111\u1ed3ng ng\u01b0\u1eddi ch\u01a1i m\u00e0 b\u1ea1n c\u00f3 th\u1ec3 tham kh\u1ea3o \u0111\u1ec3 t\u1ef1 m\u00ecnh tr\u1ea3i nghi\u1ec7m m\u1ed7i ng\u00e0y.<\/span><\/p>\n<h3><b>R\u1ed3ng h\u1ed5<\/b><\/h3>\n<p><span style=\"font-weight: 400;\">R\u1ed3ng h\u1ed5 l\u00e0 tr\u00f2 ch\u01a1i c\u00f3 ngu\u1ed3n g\u1ed1c t\u1eeb Campuchia v\u00e0 \u0111\u00e3 nhanh ch\u00f3ng tr\u1edf th\u00e0nh m\u1ed9t trong nh\u1eefng s\u1ea3n ph\u1ea9m gi\u1ea3i tr\u00ed quen thu\u1ed9c tr\u00ean th\u1ecb tr\u01b0\u1eddng c\u00e1 c\u01b0\u1ee3c tr\u1ef1c tuy\u1ebfn hi\u1ec7n nay. Game s\u1edf h\u1eefu lu\u1eadt ch\u01a1i \u0111\u01a1n gi\u1ea3n n\u00ean r\u1ea5t ph\u00f9 h\u1ee3p v\u1edbi nhi\u1ec1u \u0111\u1ed1i t\u01b0\u1ee3ng ng\u01b0\u1eddi ch\u01a1i kh\u00e1c nhau.<\/span><\/p>\n<p><span style=\"font-weight: 400;\">Khi tham gia tr\u00f2 ch\u01a1i n\u00e0y, h\u1ed9i vi\u00ean c\u00f3 th\u1ec3 l\u1ef1a ch\u1ecdn \u0111\u1eb7t c\u01b0\u1ee3c v\u00e0o c\u00e1c c\u1eeda g\u1ed3m r\u1ed3ng, h\u1ed5 ho\u1eb7c h\u00f2a \u0111\u1ec3 d\u1ef1 \u0111o\u00e1n k\u1ebft qu\u1ea3 cu\u1ed1i c\u00f9ng c\u1ee7a v\u00e1n \u0111\u1ea5u. C\u1eeda n\u00e0o s\u1edf h\u1eefu \u0111i\u1ec3m s\u1ed1 cao h\u01a1n s\u1ebd gi\u00e0nh chi\u1ebfn th\u1eafng v\u00e0 ng\u01b0\u1eddi \u0111\u1eb7t \u0111\u00fang c\u1eeda c\u01b0\u1ee3c s\u1ebd nh\u1eadn \u0111\u01b0\u1ee3c ti\u1ec1n th\u01b0\u1edfng t\u01b0\u01a1ng \u1ee9ng theo quy \u0111\u1ecbnh c\u1ee7a h\u1ec7 th\u1ed1ng.<\/span><\/p>\n<h3><b>T\u00e0i x\u1ec9u<\/b><\/h3>\n<p><span style=\"font-weight: 400;\">T\u00e0i x\u1ec9u hi\u1ec7n c\u0169ng l\u00e0 tr\u00f2 ch\u01a1i nh\u1eadn \u0111\u01b0\u1ee3c r\u1ea5t nhi\u1ec1u s\u1ef1 quan t\u00e2m t\u1eeb c\u1ed9ng \u0111\u1ed3ng ng\u01b0\u1eddi ch\u01a1i t\u1ea1i chuy\u00ean m\u1ee5c <\/span><b>Live Casino<\/b><span style=\"font-weight: 400;\"> hi\u1ec7n nay. Ngay t\u1eeb khi xu\u1ea5t hi\u1ec7n tr\u00ean th\u1ecb tr\u01b0\u1eddng, s\u1ea3n ph\u1ea9m n\u00e0y \u0111\u00e3 nhanh ch\u00f3ng thu h\u00fat \u0111\u00f4ng \u0111\u1ea3o th\u00e0nh vi\u00ean tham gia nh\u1edd lu\u1eadt ch\u01a1i \u0111\u01a1n gi\u1ea3n v\u00e0 d\u1ec5 hi\u1ec3u. Nhi\u1ec7m v\u1ee5 ch\u00ednh c\u1ee7a ng\u01b0\u1eddi ch\u01a1i khi tham gia t\u00e0i x\u1ec9u l\u00e0 d\u1ef1 \u0111o\u00e1n t\u1ed5ng \u0111i\u1ec3m xu\u1ea5t hi\u1ec7n c\u1ee7a c\u00e1c vi\u00ean x\u00fac x\u1eafc \u0111\u1ec3 \u0111\u01b0a ra quy\u1ebft \u0111\u1ecbnh \u0111\u1eb7t c\u01b0\u1ee3c ph\u00f9 h\u1ee3p.\u00a0<\/span><\/p>\n<figure id=\"attachment_98\" aria-describedby=\"caption-attachment-98\" style=\"width: 800px\" class=\"wp-caption aligncenter\"><img loading=\"lazy\" decoding=\"async\" class=\"size-full wp-image-98\" src=\"https:\/\/qs88best.com\/wp-content\/uploads\/2026\/05\/tai-xiu-tua-game-don-gian-hot-thuong-moi-ngay.webp\" alt=\"T\u00e0i x\u1ec9u - T\u1ef1a game \u0111\u01a1n gi\u1ea3n, h\u1ed1t th\u01b0\u1edfng m\u1ed7i ng\u00e0y\" width=\"800\" height=\"400\" srcset=\"https:\/\/qs88best.com\/wp-content\/uploads\/2026\/05\/tai-xiu-tua-game-don-gian-hot-thuong-moi-ngay.webp 800w, https:\/\/qs88best.com\/wp-content\/uploads\/2026\/05\/tai-xiu-tua-game-don-gian-hot-thuong-moi-ngay-300x150.webp 300w, https:\/\/qs88best.com\/wp-content\/uploads\/2026\/05\/tai-xiu-tua-game-don-gian-hot-thuong-moi-ngay-768x384.webp 768w\" sizes=\"auto, (max-width: 800px) 100vw, 800px\" \/><figcaption id=\"caption-attachment-98\" class=\"wp-caption-text\">T\u00e0i x\u1ec9u &#8211; T\u1ef1a game \u0111\u01a1n gi\u1ea3n, h\u1ed1t th\u01b0\u1edfng m\u1ed7i ng\u00e0y<\/figcaption><\/figure>\n<h3><b>Baccarat &#8211; Game hay \u0111\u00e1ng ch\u01a1i t\u1ea1i Live Casino<\/b><\/h3>\n<p><span style=\"font-weight: 400;\">Baccarat l\u00e0 tr\u00f2 ch\u01a1i kh\u00f4ng c\u00f2n qu\u00e1 xa l\u1ea1 \u0111\u1ed1i v\u1edbi c\u1ed9ng \u0111\u1ed3ng ng\u01b0\u1eddi y\u00eau th\u00edch c\u00e1 c\u01b0\u1ee3c tr\u1ef1c tuy\u1ebfn hi\u1ec7n nay. \u0110\u00e2y \u0111\u01b0\u1ee3c xem l\u00e0 s\u1ea3n ph\u1ea9m gi\u1ea3i tr\u00ed quen thu\u1ed9c th\u01b0\u1eddng xuy\u00ean xu\u1ea5t hi\u1ec7n t\u1ea1i c\u00e1c s\u00f2ng b\u1ea1c l\u1edbn tr\u00ean th\u1ebf gi\u1edbi c\u0169ng nh\u01b0 t\u1ea1i chuy\u00ean m\u1ee5c <\/span><b>Live Casino<\/b><span style=\"font-weight: 400;\">.<\/span><\/p>\n<p><span style=\"font-weight: 400;\">Tr\u00f2 ch\u01a1i s\u1eed d\u1ee5ng b\u1ed9 b\u00e0i T\u00e2y g\u1ed3m n\u0103m m\u01b0\u01a1i hai l\u00e1 v\u00e0 cho ph\u00e9p nhi\u1ec1u th\u00e0nh vi\u00ean c\u00f9ng tham gia trong m\u1ed7i v\u00e1n c\u01b0\u1ee3c kh\u00e1c nhau. Khi b\u1eaft \u0111\u1ea7u tr\u1ea3i nghi\u1ec7m, ng\u01b0\u1eddi ch\u01a1i c\u00f3 th\u1ec3 l\u1ef1a ch\u1ecdn c\u00e1c c\u1eeda c\u01b0\u1ee3c ph\u1ed5 bi\u1ebfn nh\u01b0 Banker, Player ho\u1eb7c Tie \u0111\u1ec3 d\u1ef1 \u0111o\u00e1n k\u1ebft qu\u1ea3 cu\u1ed1i c\u00f9ng.<\/span><\/p>\n<h2><b>\u01afu \u0111i\u1ec3m n\u1ed5i b\u1eadt c\u1ee7a chuy\u00ean m\u1ee5c Live Casino l\u00e0 g\u00ec?<\/b><\/h2>\n<p><span style=\"font-weight: 400;\">M\u1ed7i ng\u00e0y chuy\u00ean m\u1ee5c \u0111\u1ec1u \u0111\u00f3n nh\u1eadn l\u01b0\u1ee3ng l\u1edbn th\u00e0nh vi\u00ean truy c\u1eadp gi\u1ea3i tr\u00ed nh\u1edd s\u1edf h\u1eefu nhi\u1ec1u \u01b0u \u0111i\u1ec3m n\u1ed5i b\u1eadt li\u00ean quan \u0111\u1ebfn ch\u1ea5t l\u01b0\u1ee3ng d\u1ecbch v\u1ee5 c\u0169ng nh\u01b0 tr\u1ea3i nghi\u1ec7m ng\u01b0\u1eddi d\u00f9ng hi\u1ec7n nay.<\/span><\/p>\n<h3><b>Ph\u00f2ng live chuy\u00ean nghi\u1ec7p<\/b><\/h3>\n<p><span style=\"font-weight: 400;\">M\u1ed9t trong nh\u1eefng \u0111i\u1ec3m c\u1ed9ng \u0111\u1ea7u ti\u00ean c\u1ea7n nh\u1eafc \u0111\u1ebfn t\u1ea1i chuy\u00ean m\u1ee5c <\/span><b>Live Casino <\/b><span style=\"font-weight: 400;\">ch\u00ednh l\u00e0 h\u1ec7 th\u1ed1ng ph\u00f2ng ch\u01a1i \u0111\u01b0\u1ee3c \u0111\u1ea7u t\u01b0 thi\u1ebft k\u1ebf chuy\u00ean nghi\u1ec7p v\u00e0 hi\u1ec7n \u0111\u1ea1i nh\u1eb1m mang \u0111\u1ebfn tr\u1ea3i nghi\u1ec7m ch\u00e2n th\u1ef1c h\u01a1n cho ng\u01b0\u1eddi tham gia.<\/span><\/p>\n<p><span style=\"font-weight: 400;\">Giao di\u1ec7n c\u1ee7a m\u1ed7i ph\u00f2ng ch\u01a1i \u0111\u1ec1u \u0111\u01b0\u1ee3c b\u1ed1 tr\u00ed khoa h\u1ecdc v\u1edbi \u0111\u1ea7y \u0111\u1ee7 t\u00ednh n\u0103ng h\u1ed7 tr\u1ee3 c\u1ea7n thi\u1ebft gi\u00fap h\u1ed9i vi\u00ean d\u1ec5 d\u00e0ng thao t\u00e1c trong qu\u00e1 tr\u00ecnh c\u00e1 c\u01b0\u1ee3c. Ngo\u00e0i ra h\u1ec7 th\u1ed1ng c\u00f2n c\u00f3 \u0111\u1ed9i ng\u0169 nh\u00e2n vi\u00ean h\u1ed7 tr\u1ee3 tr\u1ef1c ti\u1ebfp nh\u1eb1m t\u0103ng kh\u1ea3 n\u0103ng t\u01b0\u01a1ng t\u00e1c v\u00e0 gi\u00fap ng\u01b0\u1eddi ch\u01a1i c\u1ea3m nh\u1eadn r\u00f5 kh\u00f4ng kh\u00ed s\u00f4i \u0111\u1ed9ng nh\u01b0 t\u1ea1i c\u00e1c s\u00f2ng b\u1ea1c th\u1ef1c t\u1ebf.<\/span><\/p>\n<p>Xem th\u00eam: <strong><a href=\"https:\/\/qs88best.com\/no-hu\/\">N\u1ed5 h\u0169<\/a><\/strong><\/p>\n<h3><b>H\u1ec7 s\u1ed1 th\u01b0\u1edfng cao<\/b><\/h3>\n<p><span style=\"font-weight: 400;\">Kh\u00f4ng ch\u1ec9 mang \u0111\u1ebfn nhi\u1ec1u tr\u00f2 ch\u01a1i \u0111a d\u1ea1ng, chuy\u00ean m\u1ee5c <\/span><b>Live Casino<\/b><span style=\"font-weight: 400;\"> c\u00f2n \u0111\u01b0\u1ee3c \u0111\u00e1nh gi\u00e1 cao nh\u1edd s\u1edf h\u1eefu t\u1ef7 l\u1ec7 tr\u1ea3 th\u01b0\u1edfng h\u1ea5p d\u1eabn d\u00e0nh cho ng\u01b0\u1eddi ch\u01a1i trong t\u1eebng s\u1ea3n ph\u1ea9m kh\u00e1c nhau.<\/span><\/p>\n<p><span style=\"font-weight: 400;\">V\u00ed d\u1ee5 t\u1ea1i tr\u00f2 ch\u01a1i r\u1ed3ng h\u1ed5, n\u1ebfu h\u1ed9i vi\u00ean chi\u1ebfn th\u1eafng \u1edf c\u1eeda h\u00f2a th\u00ec s\u1ebd nh\u1eadn \u0111\u01b0\u1ee3c m\u1ee9c th\u01b0\u1edfng t\u01b0\u01a1ng \u0111\u1ed1i cao so v\u1edbi nhi\u1ec1u n\u1ec1n t\u1ea3ng kh\u00e1c tr\u00ean th\u1ecb tr\u01b0\u1eddng hi\u1ec7n nay. \u0110i\u1ec1u n\u00e0y \u0111\u00e3 g\u00f3p ph\u1ea7n gi\u00fap ng\u01b0\u1eddi ch\u01a1i c\u00f3 th\u00eam c\u01a1 h\u1ed9i n\u00e2ng cao l\u1ee3i nhu\u1eadn trong su\u1ed1t qu\u00e1 tr\u00ecnh tham gia c\u00e1 c\u01b0\u1ee3c tr\u1ef1c tuy\u1ebfn.<\/span><\/p>\n<figure id=\"attachment_94\" aria-describedby=\"caption-attachment-94\" style=\"width: 800px\" class=\"wp-caption aligncenter\"><img loading=\"lazy\" decoding=\"async\" class=\"size-full wp-image-94\" src=\"https:\/\/qs88best.com\/wp-content\/uploads\/2026\/05\/cua-cuoc-co-muc-thanh-toan-cao-canh-tranh-lon.webp\" alt=\"C\u1eeda c\u01b0\u1ee3c c\u00f3 m\u1ee9c thanh to\u00e1n cao, c\u1ea1nh tranh l\u1edbn\" width=\"800\" height=\"400\" srcset=\"https:\/\/qs88best.com\/wp-content\/uploads\/2026\/05\/cua-cuoc-co-muc-thanh-toan-cao-canh-tranh-lon.webp 800w, https:\/\/qs88best.com\/wp-content\/uploads\/2026\/05\/cua-cuoc-co-muc-thanh-toan-cao-canh-tranh-lon-300x150.webp 300w, https:\/\/qs88best.com\/wp-content\/uploads\/2026\/05\/cua-cuoc-co-muc-thanh-toan-cao-canh-tranh-lon-768x384.webp 768w\" sizes=\"auto, (max-width: 800px) 100vw, 800px\" \/><figcaption id=\"caption-attachment-94\" class=\"wp-caption-text\">C\u1eeda c\u01b0\u1ee3c c\u00f3 m\u1ee9c thanh to\u00e1n cao, c\u1ea1nh tranh l\u1edbn<\/figcaption><\/figure>\n<h3><b>\u0110a d\u1ea1ng tr\u00f2 ch\u01a1i<\/b><\/h3>\n<p><b>Live Casino<\/b><span style=\"font-weight: 400;\"> hi\u1ec7n \u0111ang h\u1ee3p t\u00e1c c\u00f9ng nhi\u1ec1u nh\u00e0 ph\u00e1t h\u00e0nh n\u1ed5i ti\u1ebfng tr\u00ean th\u1ecb tr\u01b0\u1eddng nh\u1eb1m mang \u0111\u1ebfn kho tr\u00f2 ch\u01a1i phong ph\u00fa v\u00e0 li\u00ean t\u1ee5c \u0111\u01b0\u1ee3c c\u1eadp nh\u1eadt m\u1edbi cho ng\u01b0\u1eddi d\u00f9ng.<\/span><\/p>\n<p><span style=\"font-weight: 400;\">M\u1ed9t s\u1ed1 \u0111\u01a1n v\u1ecb cung c\u1ea5p game n\u1ed5i b\u1eadt \u0111ang \u0111\u1ed3ng h\u00e0nh c\u00f9ng h\u1ec7 th\u1ed1ng g\u1ed3m c\u00f3 WM, AG, SA, DB ho\u1eb7c SE Sexy v\u1edbi r\u1ea5t nhi\u1ec1u s\u1ea3n ph\u1ea9m gi\u1ea3i tr\u00ed ch\u1ea5t l\u01b0\u1ee3ng v\u00e0 n\u1ed9i dung h\u1ea5p d\u1eabn d\u00e0nh cho ng\u01b0\u1eddi ch\u01a1i l\u1ef1a ch\u1ecdn tr\u1ea3i nghi\u1ec7m m\u1ed7i ng\u00e0y.<\/span><\/p>\n<h2><b>K\u1ebft lu\u1eadn<\/b><\/h2>\n<p><span style=\"font-weight: 400;\">B\u00e0i vi\u1ebft tr\u00ean \u0111\u00e2y QS88 \u0111\u00e3 t\u1ed5ng h\u1ee3p \u0111\u1ea7y \u0111\u1ee7 nh\u1eefng th\u00f4ng tin quan tr\u1ecdng li\u00ean quan \u0111\u1ebfn chuy\u00ean m\u1ee5c <\/span><b>Live Casino <\/b><span style=\"font-weight: 400;\">c\u00f9ng c\u00e1c tr\u00f2 ch\u01a1i n\u1ed5i b\u1eadt v\u00e0 \u01b0u \u0111i\u1ec3m h\u1ea5p d\u1eabn hi\u1ec7n nay. Hy v\u1ecdng th\u00f4ng qua nh\u1eefng chia s\u1ebb n\u00e0y, ng\u01b0\u1eddi ch\u01a1i s\u1ebd d\u1ec5 d\u00e0ng hi\u1ec3u r\u00f5 h\u01a1n v\u1ec1 chuy\u00ean m\u1ee5c gi\u1ea3i tr\u00ed tr\u1ef1c tuy\u1ebfn ch\u1ea5t l\u01b0\u1ee3ng v\u00e0 t\u1ef1 tin tham gia tr\u1ea3i nghi\u1ec7m m\u1ed7i ng\u00e0y t\u1ea1i h\u1ec7 th\u1ed1ng.<\/span><\/p>\n","protected":false},"excerpt":{"rendered":"<p>Live Casino &#8211; Kh\u00e1m Ph\u00e1 S\u1ea3nh Ch\u01a1i Cao C\u1ea5p H\u00e0ng \u0110\u1ea7u T\u1ea1i QS88 Live Casino hi\u1ec7n \u0111ang l\u00e0 \u0111i\u1ec3m d\u1eebng ch\u00e2n gi\u1ea3i tr\u00ed quen thu\u1ed9c c\u1ee7a \u0111\u00f4ng \u0111\u1ea3o h\u1ed9i vi\u00ean khi tham gia c\u00e1 c\u01b0\u1ee3c t\u1ea1i chuy\u00ean m\u1ee5c game. T\u1ea1i \u0111\u00e2y ng\u01b0\u1eddi ch\u01a1i s\u1ebd c\u00f3 c\u01a1 h\u1ed9i kh\u00e1m ph\u00e1 nhi\u1ec1u s\u1ea3n ph\u1ea9m gi\u1ea3i tr\u00ed ch\u1ea5t [&#8230;]\n","protected":false},"author":1,"featured_media":96,"parent":0,"menu_order":0,"comment_status":"closed","ping_status":"closed","template":"","meta":{"footnotes":""},"class_list":["post-16","page","type-page","status-publish","has-post-thumbnail","hentry"],"_links":{"self":[{"href":"https:\/\/qs88best.com\/index.php\/wp-json\/wp\/v2\/pages\/16","targetHints":{"allow":["GET"]}}],"collection":[{"href":"https:\/\/qs88best.com\/index.php\/wp-json\/wp\/v2\/pages"}],"about":[{"href":"https:\/\/qs88best.com\/index.php\/wp-json\/wp\/v2\/types\/page"}],"author":[{"embeddable":true,"href":"https:\/\/qs88best.com\/index.php\/wp-json\/wp\/v2\/users\/1"}],"replies":[{"embeddable":true,"href":"https:\/\/qs88best.com\/index.php\/wp-json\/wp\/v2\/comments?post=16"}],"version-history":[{"count":3,"href":"https:\/\/qs88best.com\/index.php\/wp-json\/wp\/v2\/pages\/16\/revisions"}],"predecessor-version":[{"id":104,"href":"https:\/\/qs88best.com\/index.php\/wp-json\/wp\/v2\/pages\/16\/revisions\/104"}],"wp:featuredmedia":[{"embeddable":true,"href":"https:\/\/qs88best.com\/index.php\/wp-json\/wp\/v2\/media\/96"}],"wp:attachment":[{"href":"https:\/\/qs88best.com\/index.php\/wp-json\/wp\/v2\/media?parent=16"}],"curies":[{"name":"wp","href":"https:\/\/api.w.org\/{rel}","templated":true}]}}